l**2 + 9*l - 5. Let j(n) = -7*n**2 - 9*n + 5. Let y(r) = -4*g(r) - 5*j(r). Give y(8).
3
Let p(j) = 3*j**2 + 10. Let o(c) = -10*c**2 + 4*c - 32. Let n(h) = 2*o(h) + 7*p(h). What is n(-7)?
-1
Let t(k) = 9*k**3 - k**2 + 1. Let c(i) = -4*i - 4. Let b be c(-1). Let s be (7/21)/(1/(-3)) + b. Determine t(s).
-9
Let o(z) = 2*z**3 + 6*z**2 - 21*z - 15. Let h(l) = -l**3 - 3*l**2 + 10*l + 7. Let v(n) = 2*n - 20. Let m be v(7). Let r(a) = m*o(a) - 13*h(a). Give r(-4).
-1
Suppose -2*f = -5*m + 14, -3*f - 4 = -3*m + 17. Let i(r) = -r**3 - 6*r**2 + 7*r + 8. Determine i(f).
8
Let v be 2/4 + (-4)/(-8). Let c(u) = -1. Let j(o) be the second derivative of o**3/3 - 5*o**2/2 + 3*o - 4. Let h(f) = v*j(f) + 2*c(f). What is h(6)?
5
Let i(x) = -x**3 - 5*x**2 + 8*x + 7. Let a = -7 - -36. Let d = a - 17. Suppose p - d = 3*p. Calculate i(p).
-5
Let o(j) = j**3 - 3*j**2 - 4*j - 29. Let y(c) = -2*c**3 + 5*c**2 + 7*c + 57. Let k(r) = 7*o(r) + 4*y(r). Determine k(0).
25
Let l be (-5)/(-2) + 15/10. Let d(h) = 3*h - h + h + 4 - 6*h. What is d(l)?
-8
Let o(a) = -8*a**3 + a**2 - 1. Suppose 2*s + 3*y + 6 = 0, y - 6*y - 10 = s. Suppose 6*n - 6 = -s*n. What is o(n)?
-8
Let a(h) = -3*h**2 - 2*h + h**2 - h**3 + 0*h + 4 - 2*h**2. Let s = -22 + 15. Let m = s - -4. Give a(m).
1
Let w(u) = 14*u + 406. Let r be w(-28). Let c(f) = -f**2 + 16*f - 15. Give c(r).
13
Let c(y) = -y**2 - 2*y - 2. Suppose 6*v + 36 = -3*o + 2*v, -2*o + 2*v - 38 = 0. Let t = -9 - o. Let m(n) = n**2 - 6*n - 9. Let h be m(t). Calculate c(h).
-2
Let i = -9635 + 9630. Let u(z) = 2*z**2 - 4*z + 3. Let j be u(2). Let x(g) = 2*g - 9 + 0*g - j*g. Determine x(i).
-4
Suppose -7*k - 5*l - 30 = -12*k, 0 = -3*k - 2*l + 3. Let z(q) = 5*q. Give z(k).
15
Let a(q) = 4*q - 21. Let i be a(6). Let u(j) be the second derivative of -1/12*j**4 + 0 - 7/2*j**2 - 1/6*j**i + 2*j. Determine u(0).
-7
Let o(z) be the third derivative of -z**6/720 - z**4/3 - 6*z**2. Let y(q) be the second derivative of o(q). Give y(-7).
7
Let r be (-4)/(-5) + 174/(-30). Let x(v) = 5*v - 3. Suppose -a + 3*a - 2 = 0. Let y(i) = -i. Let o(n) = a*x(n) + 6*y(n). What is o(r)?
2
Let m(k) = k**3 - k + 3. Let o be (18/36)/((-2)/24). Let v(r) = -1 - r - 2*r + 3*r**3 + 10. Let s(g) = o*v(g) + 17*m(g). Determine s(0).
-3
Suppose 5*u = -5*i - 35, 5*i - 4*u = 6*i + 10. Let x(z) = z + 13. Determine x(i).
7
Let g = -170 + 1021/6. Let b(s) be the third derivative of -1/60*s**5 + g*s**3 - 5*s**2 + 0 + 5/24*s**4 + 0*s. What is b(6)?
-5
Let s(l) = 21*l + 2. Let n(o) = -25*o - 2. Let t(g) = 5*n(g) + 6*s(g). What is t(-2)?
0
Suppose 0 = -3*u + 2*p + 3, 4*u + 2*p = 2*u - 8. Suppose 24 = 3*h - 5*c + 5, 5*h + 2*c = 11. Let f(q) = 5*q - 1 - q + h*q. Give f(u).
-8
Let n(b) = 7*b**3 - 19*b**2 + b - 131. Let f(c) = c**3 - 3*c**2 - 22. Let v(m) = -13*f(m) + 2*n(m). Calculate v(0).
24
Let n(i) = -5*i + 22. Let m be n(8). Let u(c) = c**3 + 8*c**2 + 2*c - 8. Let l be u(-8). Let s = m - l. Let w(x) = x**3 - 7*x**2 + 6*x - 8. Determine w(s).
-8
Let f be (-12)/102 + 57/51. Suppose 15*v - 1 = 14*v. Let c(o) = 8*o**3 - 13*o + o**2 + 14*o - 21*o**3 - v. What is c(f)?
-12
Let w(u) = -u**3 - 2*u**2 + 3*u - 4. Let a be w(-3). Let d = -2 - a. Let n(x) = -3*x - 20*x**d - 2*x**3 + 17*x**2 + 0*x. Calculate n(-2).
10
Let h(f) = 2*f**2 - 2*f**2 - f - 8*f**2. Let m = -1 + 5. Suppose 0 = -m*x + 3*b + 8, x + 4 = 5*x - 2*b. Determine h(x).
-7
Let s(r) be the first derivative of -r**2/2 + 16*r + 1. Let w = -77 - -84. Give s(w).
9
Suppose 3*t - 2*x = -18, -4*t - 2*x - 57 + 47 = 0. Let v(c) = c + 15. What is v(t)?
11
Let c(v) = -v**3 - 11*v**2 - 11*v - 3. Let d be (-10)/(-4)*(-7 + 8)*-4. Determine c(d).
7
Suppose -5*m + 8 + 7 = 0. Suppose -4*r - 4 = 4*z - 8, -z = 5*r + 3. Let w(t) = m*t**2 - 3*t - 2*t**z + 9*t + 1. Calculate w(-5).
-4
Let c(m) = m + 7097 + 2*m - 7113. Calculate c(8).
8
Let u(n) be the first derivative of -n**3/3 + 5*n**2/2 - n + 17. What is u(6)?
-7
Let f be -2 - (-6 + (-1 - -4)). Let o(w) = -83*w**2 - f + 0*w + 2*w + 82*w**2. Suppose m - 4*t = -18, 4*m - 5*t = -0*m - 17. Give o(m).
-1
Let i(n) = -2*n - 1. Let b(u) = -u**2 - 12*u - 6. Let d(m) = b(m) - 5*i(m). Calculate d(-2).
-1
Let w(n) be the first derivative of -5*n**2/2 - 25*n + 547. What is w(-7)?
10
Suppose 3*g - 9 = 2*p - 23, 20 = 5*g. Let a(o) = o**2 - 12*o - 12. What is a(p)?
1
Let o(i) be the third derivative of -i**5/60 + i**4/3 - 11*i**3/6 + 6*i**2 - 1. What is o(5)?
4
Let j(m) = 8*m. Let v = 1126 + -1120. Determine j(v).
48
Let u(i) = 2*i**3 + 5*i**2 + 3*i - 3. Let m(s) = -3*s**3 - 10*s**2 - 6*s + 7. Let p(w) = -3*m(w) - 5*u(w). Calculate p(6).
-24
Let v(w) be the second derivative of -w**3/6 + w**2/2 - 3*w - 19. What is v(8)?
-7
Let r(b) = 158 + 2*b + 156 + b - 306. Give r(3).
17
Let y(p) = -4*p + 4. Suppose -5*s - 17 = -7, 0 = -4*h - 5*s + 2. Calculate y(h).
-8
Suppose 16 = 10*c - 44. Let u(d) = d**3 - 10*d**2 + d - 2. Let x(k) = k + 2*k**2 + 9*k**2 - 2*k + 2 - k**3. Let i(l) = c*u(l) + 5*x(l). Give i(5).
3
Suppose -8*u + 19 = -21. Let d(a) = -u*a**3 - 18 + a**2 - a**3 + a**3 + a + 17. Give d(1).
-4
Suppose -15 - 9 = 4*c. Let h(t) be the third derivative of t**5/40 + 7*t**4/24 + t**3/6 - 3*t**2. Let i(f) be the first derivative of h(f). Determine i(c).
-11
Let q(h) = 16*h - 15*h - 4*h. Let o(u) = -3*u**2 + 4*u + 4*u**2 + u + 1. Let i be o(-5). Give q(i).
-3
Let z = -38 - -42. Suppose -13 = -v + z*b, 2*v = 3*b + 2*b + 20. Let g(l) = 2*l - 6. What is g(v)?
4
Suppose 16*l + 42 = 58. Let y(m) = 3*m. What is y(l)?
3
Suppose -18 = -3*o - 0*o + 3*t, -4*t - 12 = -o. Suppose -5 = -o*z - z. Suppose 2*n = n + z. Let p(k) = -5*k**3 - 2*k + 1. Determine p(n).
-6
Let i(h) = 16788 - h**3 - 3*h**2 + h + 4*h**2 - 16789. What is i(3)?
-16
Let a(n) = n**2 - 11*n - 13. Let h = -25 - -37. Determine a(h).
-1
Let s = 9 + -9. Let w be (2 - (1 + s)) + -1. Suppose w*i - i + 6 = 0. Let k(l) = l**2 - 6*l + 6. What is k(i)?
6
Suppose 75*y = 83*y + 8. Let v(z) = 2*z**2 + 1 - 7*z**3 + 21*z**3 - z**2 + z + 0*z. What is v(y)?
-13
Let u(r) = -r**3 - r**2 + 3*r + 1. Suppose h - 3*k + 14 = 0, 2 + 7 = -h + 2*k. Let m = h - -1. Suppose -4*p - m*f + 5*f = 17, -2*p - 2*f + 2 = 0. Give u(p).
-1
Let n(r) = r - 8. Suppose -5*p + 56 = 3*p. Give n(p).
-1
Let p(g) be the second derivative of -5*g**3/3 + g**2 - g. Let i(x) = 5. Let h(j) = 4. Let w(t) = 6*h(t) - 5*i(t). Let n(y) = p(y) + 3*w(y). Calculate n(-1).
9
Let h(p) be the third derivative of 1/12*p**4 + 0*p + 2/3*p**3 + 19*p**2 + 0. Determine h(6).
16
Suppose 0*q - 14 = -q - 2*z, -z = 4*q - 91. Suppose 0 = -5*v + v - 2*h + q, -v + 8 = h. Let w(r) = -r**2 + 6*r - 2. What is w(v)?
6
Let v be -1 - -3 - (-10 - -21). Let m(t) = -3*t - 12. Give m(v).
15
Let x(c) = -186*c**3 + 187*c**3 - 1 + 2*c + 0*c + 3*c**2 - 4*c. Suppose 0 = 2*w - 0 + 6. Give x(w).
5
Suppose -5*o + 5*l = -4 + 24, o - 3*l = -14. Let r(g) = -2*g**2 + 1. What is r(o)?
-1
Suppose -14*h = 11*h + 50. Let x(l) = -l**3 + l - 2. What is x(h)?
4
Let k(f) be the third derivative of -f**6/120 - f**4/24 - f**3/6 - 54*f**2. Let a = 0 - -2. Suppose -3*c = a*u - 4*c - 3, -c = u + 6. What is k(u)?
1
Suppose -2 + 4 = d. Let o(t) = -157 - d*t + 160 + 3*t. Determine o(-4).
-1
Let t be (-4)/(-6) + (-28)/(-21). Let w(x) = 41*x - 3 - t*x**2 + x**2 - 46*x - x**2. Calculate w(-3).
-6
Suppose 7 = -5*f - 3. Let u(l) = l**2 - l - 1. Let x be u(f). Suppose -3*v - x*a + 8 = 0, 0*v - v + 3*a = 16. Let r(z) = -2*z**2 - 6*z - 2. Determine r(v).
-10
Let y(r) = -r**2 - 12*r - 7. Let d = -437 + 425. Calculate y(d).
-7
Let j(t) = -2*t - 1. Suppose -36 = -43*c + 49*c. What is j(c)?
11
Let m be (-2)/4 + 2/4. Let k(x) = x**3 + x**2 - x - 1. Let u be k(m). Let z(n) = -8*n**2. What is z(u)?
-8
Suppose 0 = 3*i + i + 44. Let c = 19 + i. Suppose c*u - 3 = 5*u. Let x(g) = 5*g**3 - g**2 + 1. Calculate x(u).
5
Let i(v) be the third derivative of v**4/12 - v**3 - 3*v**2 - 15*v. What is i(-2)?
-10
Let l(q) = 9*q - 2. Let n(r) = -2*r + 1. Suppose 10 = 3*x - 2. Let p(f) = x*n(f) + l(f). Calculate p(0).
2
Let t be -11 + 165/11 + -2. Let z(a) = -2*a**3 + 2*a**2 - a + 4. Determine z(t).
-6
Let t = -13 - -15. Suppose o - c - 7 = -0*o, -t*c = o + 5. Let z(w) be the second derivative of -w**4/12 + 2*w**3/3 - 2*w**2 - 3*w. Calculate z(o).
-1
Let x(r) = -259 + r**3 + 524 - 256 - 8*r - 6*r**2. Give x(7).
2
Let j(